{"id":84,"date":"2013-09-16T11:41:11","date_gmt":"2013-09-16T09:41:11","guid":{"rendered":"http:\/\/gsk-solidarnosc.pl\/?page_id=84"},"modified":"2014-11-04T16:44:05","modified_gmt":"2014-11-04T15:44:05","slug":"tygodnik-solidarnosc","status":"publish","type":"page","link":"https:\/\/solidarnosc-delpharm.pl\/?page_id=84","title":{"rendered":"Tygodnik Solidarno\u015b\u0107"},"content":{"rendered":"<p>Tydzie\u0144 z Tygodnikiem Solidarno\u015b\u0107 nr 31 31.10.2014 &#8211; <a href=\"http:\/\/www.solidarnosc.org.pl\/images\/files\/sis\/2014\/Tydzen_z_TS_nr31.pdf\">plik<\/a><\/p>\n<p>Tydzie\u0144 z Tygodnikiem Solidarno\u015b\u0107 nr 29 17.10.2014 &#8211;\u00a0<a href=\"http:\/\/gsk-solidarnosc.pl\/wp-content\/uploads\/2013\/09\/Tydzen_z_TS_nr29.pdf\">plik<\/a><\/p>\n<p>Tygodnik Solidarno\u015b\u0107 nr 42. Co w najnowszym tygodniku? &#8211;\u00a0<a href=\"http:\/\/gsk-solidarnosc.pl\/wp-content\/uploads\/2013\/09\/zajawka-TS-nr-42.pdf\">plik<\/a><\/p>\n<p>Tygodnik Solidarno\u015b\u0107 nr 40. Co w najnowszym tygodniku? \u00a0&#8211;\u00a0<a href=\"http:\/\/gsk-solidarnosc.pl\/wp-content\/uploads\/2013\/10\/Tygodnik-Solidarnosc-nr-40-zajawka.pdf\">plik<\/a><\/p>\n<p>Tygodnik Solidarno\u015b\u0107 nr 36. Co w najnowszym tygodniku? \u00a0&#8211;\u00a0<a href=\"http:\/\/gsk-solidarnosc.pl\/wp-content\/uploads\/2013\/09\/ts36_2013_news.pdf\">plik<\/a><\/p>\n","protected":false},"excerpt":{"rendered":"<p>Tydzie\u0144 z Tygodnikiem Solidarno\u015b\u0107 nr 31 31.10.2014 &#8211; plik Tydzie\u0144 z Tygodnikiem Solidarno\u015b\u0107 nr 29 17.10.2014 &#8211;\u00a0plik Tygodnik Solidarno\u015b\u0107 nr 42. Co w najnowszym tygodniku? &#8211;\u00a0plik Tygodnik Solidarno\u015b\u0107 nr 40. Co w najnowszym tygodniku? \u00a0&#8211;\u00a0plik Tygodnik Solidarno\u015b\u0107 nr 36. Co &hellip; <a href=\"https:\/\/solidarnosc-delpharm.pl\/?page_id=84\">Czytaj dalej <span class=\"meta-nav\">&rarr;<\/span><\/a><\/p>\n","protected":false},"author":1,"featured_media":0,"parent":0,"menu_order":0,"comment_status":"open","ping_status":"open","template":"","meta":{"footnotes":""},"class_list":["post-84","page","type-page","status-publish","hentry"],"_links":{"self":[{"href":"https:\/\/solidarnosc-delpharm.pl\/index.php?rest_route=\/wp\/v2\/pages\/84","targetHints":{"allow":["GET"]}}],"collection":[{"href":"https:\/\/solidarnosc-delpharm.pl\/index.php?rest_route=\/wp\/v2\/pages"}],"about":[{"href":"https:\/\/solidarnosc-delpharm.pl\/index.php?rest_route=\/wp\/v2\/types\/page"}],"author":[{"embeddable":true,"href":"https:\/\/solidarnosc-delpharm.pl\/index.php?rest_route=\/wp\/v2\/users\/1"}],"replies":[{"embeddable":true,"href":"https:\/\/solidarnosc-delpharm.pl\/index.php?rest_route=%2Fwp%2Fv2%2Fcomments&post=84"}],"version-history":[{"count":7,"href":"https:\/\/solidarnosc-delpharm.pl\/index.php?rest_route=\/wp\/v2\/pages\/84\/revisions"}],"predecessor-version":[{"id":909,"href":"https:\/\/solidarnosc-delpharm.pl\/index.php?rest_route=\/wp\/v2\/pages\/84\/revisions\/909"}],"wp:attachment":[{"href":"https:\/\/solidarnosc-delpharm.pl\/index.php?rest_route=%2Fwp%2Fv2%2Fmedia&parent=84"}],"curies":[{"name":"wp","href":"https:\/\/api.w.org\/{rel}","templated":true}]}}