{"id":56,"date":"2013-09-16T11:27:41","date_gmt":"2013-09-16T09:27:41","guid":{"rendered":"http:\/\/gsk-solidarnosc.pl\/?page_id=56"},"modified":"2021-03-27T12:08:26","modified_gmt":"2021-03-27T11:08:26","slug":"sprawy-pracownicze","status":"publish","type":"page","link":"https:\/\/solidarnosc-delpharm.pl\/?page_id=56","title":{"rendered":"Sprawy pracownicze"},"content":{"rendered":"\n<div class=\"wp-block-file\"><a href=\"http:\/\/gsk-solidarnosc.pl\/wp-content\/uploads\/2021\/03\/Obowiazek-informacyjny-paczki-swiateczne.odt\">Obowi\u0105zek informacyjny dla cz\u0142onk\u00f3w zwi\u0105zku w zakresie przygotowania i realizacji dostarczenia paczek \u015bwi\u0105tecznych &#8211;\u00a0plik<\/a><a href=\"http:\/\/gsk-solidarnosc.pl\/wp-content\/uploads\/2021\/03\/Obowiazek-informacyjny-paczki-swiateczne.odt\" class=\"wp-block-file__button\" download>Pobierz<\/a><\/div>\n\n\n<p>Wniosek o Po\u017cyczk\u0119 zwi\u0105zkow\u0105 &#8211;\u00a0<a href=\"http:\/\/gsk-solidarnosc.pl\/wp-content\/uploads\/2013\/09\/2014-2015-WNIOSEK-PO\u017bYCZKA.doc\">plik<\/a><\/p>\n<p>Program EuCO PREMIUM<em> \u00a0<\/em>Rodzinny pakiet pomocy prawnej &#8211; opis &#8211;\u00a0<a href=\"http:\/\/gsk-solidarnosc.pl\/wp-content\/uploads\/2013\/09\/POZSPWN0001_POZMFN006S_1869_001.pdf\">plik<\/a><\/p>\n<p>Program EuCO PREMIUM<em>\u00a0\u00a0<\/em>Rodzinny pakiet pomocy prawnej &#8211; opis pakietu &#8211;\u00a0<a href=\"http:\/\/gsk-solidarnosc.pl\/wp-content\/uploads\/2013\/09\/Zal_nr_1_Propozycja_wspolpracy_Premium1.doc\">plik<\/a><\/p>\n<p>Program EuCO PREMIUM<em>\u00a0\u00a0<\/em>Rodzinny pakiet pomocy prawnej &#8211; deklaracja uczestnika &#8211;\u00a0<a href=\"http:\/\/gsk-solidarnosc.pl\/wp-content\/uploads\/2013\/09\/zal_nr_2_Deklaracja_uczestnika_Premium1.doc\">plik<\/a><\/p>\n<p>Jakie \u015bwiadczenia sfinansuje ZF\u015a\u015a &#8211;\u00a0<a href=\"http:\/\/gsk-solidarnosc.pl\/wp-content\/uploads\/2013\/09\/JAKIE-\u015aWIADCZENIA-SFINANSUJE-ZF\u015aS1.pdf\">plik<\/a><\/p>","protected":false},"excerpt":{"rendered":"<p>Wniosek o Po\u017cyczk\u0119 zwi\u0105zkow\u0105 &#8211;\u00a0plik Program EuCO PREMIUM \u00a0Rodzinny pakiet pomocy prawnej &#8211; opis &#8211;\u00a0plik Program EuCO PREMIUM\u00a0\u00a0Rodzinny pakiet pomocy prawnej &#8211; opis pakietu &#8211;\u00a0plik Program EuCO PREMIUM\u00a0\u00a0Rodzinny pakiet pomocy prawnej &#8211; deklaracja uczestnika &#8211;\u00a0plik Jakie \u015bwiadczenia sfinansuje ZF\u015a\u015a &#8211;\u00a0plik<\/p>\n","protected":false},"author":1,"featured_media":0,"parent":0,"menu_order":0,"comment_status":"open","ping_status":"open","template":"","meta":{"footnotes":""},"class_list":["post-56","page","type-page","status-publish","hentry"],"_links":{"self":[{"href":"https:\/\/solidarnosc-delpharm.pl\/index.php?rest_route=\/wp\/v2\/pages\/56","targetHints":{"allow":["GET"]}}],"collection":[{"href":"https:\/\/solidarnosc-delpharm.pl\/index.php?rest_route=\/wp\/v2\/pages"}],"about":[{"href":"https:\/\/solidarnosc-delpharm.pl\/index.php?rest_route=\/wp\/v2\/types\/page"}],"author":[{"embeddable":true,"href":"https:\/\/solidarnosc-delpharm.pl\/index.php?rest_route=\/wp\/v2\/users\/1"}],"replies":[{"embeddable":true,"href":"https:\/\/solidarnosc-delpharm.pl\/index.php?rest_route=%2Fwp%2Fv2%2Fcomments&post=56"}],"version-history":[{"count":7,"href":"https:\/\/solidarnosc-delpharm.pl\/index.php?rest_route=\/wp\/v2\/pages\/56\/revisions"}],"predecessor-version":[{"id":2052,"href":"https:\/\/solidarnosc-delpharm.pl\/index.php?rest_route=\/wp\/v2\/pages\/56\/revisions\/2052"}],"wp:attachment":[{"href":"https:\/\/solidarnosc-delpharm.pl\/index.php?rest_route=%2Fwp%2Fv2%2Fmedia&parent=56"}],"curies":[{"name":"wp","href":"https:\/\/api.w.org\/{rel}","templated":true}]}}